 + -10 + (8 - (-2 + 3)))?
-12
What is -13 + 10 + -22 - (6 - (10 + -3))?
-24
What is the value of 31 - ((4 - 11) + 19)?
19
-47 - (31 - 87) - (0 - 13)
22
Evaluate -6 + 2 + (0 - 2 - -6).
0
(1 - 6 - -1) + 3 - -6
5
-8 + 3 + (-2 - -7) + -12
-12
Calculate (-4 - (-8 - 7)) + 4 + -5 + 4.
14
(5 - 11) + (-3 - 9) + 2 + 3
-13
What is 1 + 1 + -15 - (-508 + 509)?
-14
Calculate 11 + (-23 - (-7 + 6 + -10)).
-1
-5 + (22 - 25) + 25
17
What is -327 + 327 + -1 + 3 + -1 + 0?
1
What is the value of (17 - (18 - 17)) + -4?
12
-8 + -2 + (7 - 12)
-15
What is -5 + -10 + (-4 + 5 - 0 - -6)?
-8
(5 - (9 + -26)) + -11
11
Evaluate 25 + (14 - (36 - 20)).
23
What is 4 - (38 - 20 - 18)?
4
-49 + (28 + 30 - 22)
-13
-73 + (13 - (-72 - -43))
-31
-4 + (-6 - 20) + 7 + -2
-25
What is the value of (4 - -11 - (-12 + 22)) + 5?
10
Evaluate 13 - (-3 - (6 + (-7 - 0))).
15
Calculate 26 + 0 - (-58 + 94).
-10
Calculate -14 + 1 - 1 - (48 + -64 - -10).
-8
Calculate -42 + (4 - -13) + 8 - 3.
-20
12 + 11 + -22 + (0 - -1)
2
13 - 21 - (-8 + -5 + (1 - 8))
12
Calculate -2 + 1 + 3 - (5 + 2 + -2).
-3
What is -2 - (-8 - (14 + -10))?
10
Evaluate -2 - (19 + -6 + 1).
-16
(28 + -34 - -2) + (-13 - 2)
-19
Calculate -110 + 118 - ((-5 - (-1 - 0)) + -2).
14
Evaluate 105 + -113 - (2 - 6) - -3.
-1
Calculate -19 + 33 - 15 - 14.
-15
What is (-3 - -7 - 0 - 4) + 2?
2
What is -3 - (-2 - (8 + -5) - -11)?
-9
Evaluate -7 + 2 + 11 + (8 + -1 - 10).
3
What is (5 - 16) + (9 + -6 - -10)?
2
Evaluate (-27 - -69) + -16 - (1 - -9).
16
Evaluate -25 - (-8 - (21 + -26)).
-22
Calculate 6 - (-5 + 11 + -1).
1
What is (24 - 4) + -17 - (-5 - -16)?
-8
What is -169 + 158 + 0 + (1 - 6) - -1?
-15
(-3 - (10 + -27)) + (7 - 0)
21
What is 24 - (23 + -24 + (-1 - -4) - -7)?
15
Calculate (-9 - (-15 - -13) - -14) + 1.
8
What is the value of -20 + 6 + -4 + 21?
3
1 + 17 + (-24 - (35 - 42))
1
Evaluate -6 + (-7 + -8 - (-6 - 51)).
36
What is -13 + (-4 - -1) + (3 - (21 - 26))?
-8
What is the value of (-1 - -12) + (5 - (23 + -12)) + 13?
18
-12 - (-12 + (25 - 18))
-7
What is the value of -4 + 9 + -34 + 40?
11
-9 + -5 + (-7 - -6 - -4) - -1
-10
Evaluate (10 + -21 - -9) + (3 - 2 - -3).
2
What is the value of 18 + (20 - 45) + 17 - (-14 - 1)?
25
-41 + 57 + -18 + 23
21
Calculate (-204 - -195) + (20 - 1).
10
What is -2 + (-4 - 0) + -3?
-9
26 + 32 + -51 + (6 - 1) + 1
13
Calculate -20 + 4 + 5 + 2 + -10.
-19
(-6 + -1 - 0) + (-5 - 34 - -36)
-10
What is (-42 - -10 - -27) + -17?
-22
What is 8 - (-61 - -81 - (1 - 0))?
-11
What is (18 - 0) + 331 + -366?
-17
What is -29 + (7 - (1 - -13) - (-12 - 1))?
-23
-13 - 3 - ((15 - 17) + 10 + 0)
-24
14 + -181 + 174 + (-3 - 0)
4
What is 4 + 2 + -4 - (-1 + 17)?
-14
What is the value of -55 - (-34 + 78 + -84)?
-15
What is (-13 - (-4 - 1) - 0) + 1 + -7?
-14
Evaluate (-5 + 3 - (1 - (4 + 3))) + -2.
2
What is 0 + -22 + (6 - -6) + 14?
4
What is the value of 22 + -6 - (4 + 3 + -5)?
14
What is 1 + -5 + (-26 - -30 - (0 - 3))?
3
-26 + 4 - 4 - (-24 + 24)
-26
Calculate -16 - (-4 - -1) - (7 - 11).
-9
(1 - (6 + (0 - -1))) + -1532 + 1544
6
Calculate -4 - (28 + (-61 - -25)).
4
What is 1 + 8 - (104 - 92)?
-3
Calculate 0 + 45 + -49 + (2 - -1).
-1
What is the value of -131 + 124 - (0 + 2)?
-9
What is (0 - ((-13 - -2) + 9)) + 8?
10
Evaluate 15 + -16 + (-6 - -6) + -4.
-5
Evaluate -4 + (-4 - -11) + 0 + (-3 - -8).
8
What is -12 + (-29 - -56) + 12?
27
((15 - -9) + -6 - -10) + -7
21
What is -11 - ((-8 + 15 - -2 - 11) + -3)?
-6
What is -14 - (17 - 39 - -16)?
-8
Calculate 7 + -1 + (4 - 13 - -12).
9
Calculate -15 + (13 - 6) - (2 - 1) - -8.
-1
What is 13 + (-22 + 8 + 1 - -27)?
27
What is -11 - (-9 - 0 - (-76 + 70))?
-8
27 + (-13 - -18 - 3 - 19)
10
What is the value of 1 - 3 - (2 + -5 + 15 + -1)?
-13
Calculate (-36 - (-46 + 17)) + 8.
1
Evaluate 2 + (12 - (-11 + 8)) + -14.
3
What is the value of -14 + (3 - ((-1 - 6) + 2))?
-6
Evaluate (7 + -3 - -2) + -8 + (-5 - -5).
-2
(21 - -7) + -21 + -11
-4
Evaluate 2 + -9 + 5 + (0 - (7 - 1)).
-8
What is 5 + (4 - (12 - -3)) + -1 + 21?
14
Calculate 19 - 62 - -59 - ((4 - 2) + -4).
18
54 - (55 + -7) - (-3 + 0 - -38)
-29
Evaluate -43 + (-24 - -83) + (-9 - 0).
7
What is 6 + 4 + 4 + -25 - (2 - 24)?
11
-95 + 102 - (-2 + 9)
0
-2 - 13 - (20 + 11 - 45)
-1
What is the value of -10 + 15 - -11 - 16?
0
Evaluate -2 + (-1 + -10 - -10) + 10.
7
Calculate 21 + 20 + -68 - 10.
-37
Evaluate -42 - -40 - (2 + -3 + 5 - -3).
-9
Evaluate (-1 - -24) + (18 - 19).
22
What is the value of -2 - (12 + -11) - (5 + (-3 - 27))?
22
Evaluate 32 + (-23 - -22) + -66.
-35
What is -51 + 0 + -6 - -40?
-17
Evaluate (-3 - (-1 - 3)) + (-2 - (-14 + -6)).
19
Calculate 20 + -30 + 6 + -8.
-12
What is the value of (-6 - (4 + (-7 - -4))) + (5 - 5)?
-7
Evaluate 6 - 4 - (5 - -7 - (2 - 2)).
-10
What is 2 + 20 + 35 + -31 - 3?
23
What is the value of 22 - (-2 + 11 + 4)?
9
Evaluate -3 + 11 + 2 - 19 - (0 + -27).
18
Evaluate -14 + 37 + 14 + (7 - 21).
23
Evaluate (-6 - 0) + (32 - 57) + 29.
-2
-4 - (-3 - 4) - (-6 - -7)
2
Calculate (0 + 8 - 9) + -4 + (7 - 2).
0
What is the value of (-19 - (1 - 1)) + (-297 - -304)?
-12
-38 + (-2 - -1) + 0 + 13
-26
Calculate 1 + 0 + (-10 - (-18 - 4)) + 4.
17
What is the value of 2 - (-20 - -8 - (22 + -18))?
18
What is the value of -294 + 297 + (-1 - (-1 + 2))?
1
What is the value of 2 - (23 - 31 - (-8 - -2 - 0))?
4
What is the value of 0 - 18 - (-1 - 11) - (-1 - 21)?
16
Calculate 15 + -7 + -6 + 7 + -4.
5
-6 + -1 - (5 - (12 + -8))
-8
Evaluate 9 + (11 - 6) + -29.
-15
What is the value of 6 + -9 + 15 + -20 + 5?
-3
5 + -9 + 13 - -3 - 30
-18
What is the value of -43 + 43 - (0 + 11 + 1)?
-12
What is the value of -14 - (-19 + 2 - 9)?
12
What is the value of -14 + (15 - 19 - 5) + 34?
11
Calculate 10 + (-2 + 5 - 6).
7
Evaluate 2 + ((0 - 7) + 14 - (10 + 6)).
-7
Evaluate (6 - 2) + -4 + -4 - (19 + -17).
-6
What is 10 - ((21 - 32) + 15)?
6
Calculate (28 - (-6 + 21 + -5)) + -11.
7
2 + 3 + -11 + 7 + -2 + 0
-1
(-1 + 1 - (15 - 19)) + 2 + -16
-10
Evaluate (36 + -19 - -6) + -30.
-7
What is (-4 - -5 - -4) + (1 + -39 - -37)?
4
What is the value of 69 - (30 - 2) - 4?
37
What is the value of (-5 - -7 - -15) + (344 - 347)?
14
20 + (8 - 17) + 5 - (1 + 2)
13
Calculate (-13 - (18 + -35)) + (0 - (-6 + -1)).
11
What is the value of (-14 - -21) + -3 + -20?
-16
Evaluate -2 + (-1 - -18) - (33 - 28 - 4).
14
What is the value of -7 + (0 - -6) + -5 + 11?
5
(-2 + 3 - 8) + 420 + -403
10
Calculate -3 - (1 + 7) - (12 - (7 - -13)).
-3
Calculate (-2 + -1 - (4 + 13 + -11)) + -7.
-16
Calculate 7 + 35 + -61 + -1 + 13.
-7
3 + 2 - -1 - 14
-8
Evaluate (-1 - (2 + -1)) + (5 - 12) + -1.
-10
-9 + -3 + 11 + 6 + (-11 - -1)
-5
What is -5 - (-16 - (8 + -19)) - -3?
3
What is 2 + 2 + -46 + 53 + -38?
-27
3 + -2 - ((-17 - -26) + -19)
11
Evaluate -7 + 9 + 12 + -22 + 0 + -6.
-14
What is the value of (13 - 2) + -26 - -7?
-8
-10 + 11 + -5 + -2
-6
Calculate 3 + 4 + 6 - ((0 - 3) + 9).
7
Calculate 4 + 0 + 2 - (7 - 14 - -7).
6
What is (-60 - -49) + -12 + 2?
-21
Calculate -5 + 2 + 8 + -4.
1
Calculate -2 + (13 - 1) + -48 + 38.
0
Calculate 16 + -31 - (15 - (7 - -3)).
-20
What is the value of -8 + -11 + 6 - -5 - -27?
19
What is (2 - -6) + (-19 - -17) + -2?
4
Calculate (0 - (8 + -2 + 0 - -8)) + 2.
-12
Evaluate (8 + -12 + 4 - -3) + -17.
-14
What is -382 + 395 + (-3 - 44 - 3)?
-37
(-12 - -15) + -2 + 5 + 5
11
-44 + (-65 - -26) + 80
-3
What is the value of -3 + 2 + 2 + -1 + -8?
-8
What is -8 + 15 + -1 + 0?
6
Calculate 29 + 1 - (19 + (3 - -4) - 19).
23
What is -9 - (-26 - -12) - (17 - 10)?
-2
6 + 35 + -11 - 14
16
Evaluate -11 - -9 - -14 - -4 - -9.
25
Evaluate -2 + -36 - (-6 - 17).
-15
What is the value of 287 + -254 - (24 - 3)?
12
What is the value of 4 + -3 + -9 + 20 + -7?
5
1 - -1 - ((9 - (-13 - -19)) + 14)
-15
What is the value of 0 + 5 + 4 + -15?
-6
4 + 1 + 9 + -16 + 1 + 1
0
(5 - 4) + 21 + -18
4
Calculate 3 + (-9 - -6) + 7 - (10 - 4).
1
Evaluate 10 - ((6 - -6) + -2 + -1).
1
What is 2 - ((-1 - -11) + -46 + 49)?
-11
-47 - ((-33 - -8) + 2)
-24
What is the value of 10 + (37 + -30 - (2 + 17))?
-2
Evaluate 3 + 22 - (-14 - (-3 - (-12 - -32))).
16
Calculate -7 + -4 + 10 + -14 + 3 + -3.
-15
13 + 22 + (-21 - -10) + -2
22
What is the value of -16 + (10 - 27) + 23?
-10
What is the value of 642 + -598 + -2 + -37?
5
Calculate -262 - -253 - (1 + -2 + -12).
4
Evaluate (0 - (3 + -5 - -2)) + -4 + 3.
-1
What is -2 - -27 - (-1 - -10) - (17 - 7)?
6
Calc